In base 9, what is 641 - 68?
562
In base 9, what is 3 - -23427?
23431
In base 6, what is 423044 + -2?
423042
In base 16, what is 1b1 + 86?
237
In base 11, what is -1512 - 8?
-151a
In base 8, what is -1135 + 1065?
-50
In base 14, what is 2 + -74c6?
-74c4
In base 2, what is -10001110 - 1001100011?
-1011110001
In base 13, what is -1a3 - 3?
-1a6
In base 6, what is -42035 + -4?
-42043
In base 13, what is -4814 - 14?
-4828
In base 14, what is 8 + -192?
-188
In base 7, what is 363350 + -1?
363346
In base 11, what is -2 + -388a?
-3891
In base 8, what is -3746 + -302?
-4250
In base 8, what is 377667 + -3?
377664
In base 9, what is 73513 + 4?
73517
In base 12, what is -2b - 218?
-247
In base 3, what is -11012012111 - -11?
-11012012100
In base 3, what is -10222001022210 + 0?
-10222001022210
In base 4, what is 33 - -313310?
320003
In base 10, what is 75 + 401?
476
In base 3, what is 12 + -10020201100012?
-10020201100000
In base 6, what is -14 - 52030?
-52044
In base 9, what is 4 - -28383?
28387
In base 7, what is 1042 - -114?
1156
In base 8, what is 5 - 1501571?
-1501564
In base 10, what is 196 - -116?
312
In base 16, what is -cc697b - -4?
-cc6977
In base 8, what is 4035215 - -1?
4035216
In base 7, what is -133 - 25336?
-25502
In base 9, what is 4 - 6424?
-6420
In base 15, what is 7 + de?
e6
In base 2, what is 101100100100011110110011 + 10?
101100100100011110110101
In base 3, what is 22020202122 - -1?
22020202200
In base 12, what is 9 + 10590?
10599
In base 12, what is 487ab - -3?
487b2
In base 10, what is 142 - -1061?
1203
In base 14, what is -5 + -30008?
-3000d
In base 15, what is 5 - -270ba?
270c0
In base 5, what is -3004 - 2432?
-10441
In base 16, what is 14 - -431?
445
In base 8, what is 0 + -16415?
-16415
In base 12, what is -166 - -150?
-16
In base 15, what is -2ee0 - 4?
-2ee4
In base 16, what is 19 + 208b?
20a4
In base 2, what is -10111011101 + 100?
-10111011001
In base 7, what is 24052 - 4?
24045
In base 2, what is 11101 - 110?
10111
In base 5, what is -2 - -203224?
203222
In base 13, what is -7 - -c479?
c472
In base 8, what is 2057 + -46?
2011
In base 4, what is 302 - -101110103?
101111011
In base 12, what is -1 - -611?
610
In base 16, what is -1a - -15d83?
15d69
In base 10, what is 52379 + 37?
52416
In base 4, what is -1010313 - 3000?
-1013313
In base 10, what is -454 + 2?
-452
In base 2, what is -11010011001 + -100001000?
-11110100001
In base 14, what is 5 + 8ba?
8c1
In base 14, what is -1082 - -b0c?
-374
In base 15, what is -3 - 3aa?
-3ad
In base 8, what is 2 + 20121?
20123
In base 13, what is 4 - -4b77?
4b7b
In base 3, what is -11 - -12110121120?
12110121102
In base 5, what is 11412211 + -1?
11412210
In base 6, what is -1435 - -22043?
20204
In base 14, what is -1 + 5a4?
5a3
In base 4, what is -3331332 - 1?
-3331333
In base 7, what is -13231 + 303?
-12625
In base 3, what is 1011100 + -200?
1010200
In base 11, what is 3598 + -11?
3587
In base 4, what is -103303003 + -2?
-103303011
In base 3, what is -1201000020212 - 11?
-1201000021000
In base 6, what is 0 + -534105?
-534105
In base 14, what is d7db + -1?
d7da
In base 8, what is 32 - 71315?
-71263
In base 6, what is 1411 + 2431?
4242
In base 3, what is 2222 - 100100?
-20101
In base 10, what is 1448 + -115?
1333
In base 13, what is 28b - 160?
12b
In base 11, what is 49a - 1071?
-682
In base 6, what is 212531 + -2?
212525
In base 14, what is 49 + -87?
-3c
In base 4, what is -1 - 211323?
-211330
In base 4, what is -11113022 - -311?
-11112111
In base 3, what is -10201100 - -102202?
-10021121
In base 7, what is -1 + 2653101?
2653100
In base 15, what is -c - 538?
-545
In base 13, what is -6009 - -9?
-6000
In base 12, what is -625b + 9a?
-6181
In base 3, what is 2001 + 120112101?
120121102
In base 10, what is -2 + 22971?
22969
In base 11, what is -747 + -99?
-835
In base 4, what is -1 + -111030121?
-111030122
In base 16, what is 0 - 3041?
-3041
In base 13, what is -1b + -2476?
-2494
In base 8, what is -4 + 16157?
16153
In base 7, what is -4 - -4451?
4444
In base 11, what is -3237 - 302?
-3539
In base 8, what is -4542 - 107?
-4651
In base 5, what is -10001 + 2343?
-2103
In base 10, what is 676 - 14?
662
In base 12, what is -575aa + 2?
-575a8
In base 3, what is 11222200000 - 211?
11222122012
In base 13, what is a + 2062?
206c
In base 12, what is 0 + -12a8?
-12a8
In base 6, what is 111 + 1153245?
1153400
In base 7, what is -3 - -1363312?
1363306
In base 8, what is -42 - 11163?
-11225
In base 6, what is -3504 - -44?
-3420
In base 7, what is 154 + -1140?
-653
In base 14, what is -2120 + -28?
-2148
In base 12, what is 14 + -7880?
-7868
In base 13, what is -ba5 + -16?
-bbb
In base 2, what is -11010100111000001010 + 101?
-11010100111000000101
In base 4, what is -30003211 + 232?
-30002313
In base 16, what is -2 - 6b3?
-6b5
In base 2, what is 10111000011 + -1101001?
10101011010
In base 14, what is -13984 - -2d?
-13955
In base 6, what is 43300332 + -5?
43300323
In base 10, what is 913 - -131?
1044
In base 4, what is 1 - -1132200?
1132201
In base 4, what is 122 + 113032?
113220
In base 9, what is -81445 - 1?
-81446
In base 16, what is 211 - -4d2?
6e3
In base 2, what is -111 + 11001100101001?
11001100100010
In base 9, what is -118081 - -54?
-118026
In base 5, what is 4034 - -233214?
242303
In base 5, what is -2 - -2113401?
2113344
In base 9, what is 1 + 20582?
20583
In base 6, what is -214 + 23152?
22534
In base 9, what is 4 + 23153?
23157
In base 14, what is 3c5 + c?
3d3
In base 9, what is -3035 + 20?
-3015
In base 10, what is 7 + -50741?
-50734
In base 6, what is 1043 + 1141?
2224
In base 2, what is -101 + 101111101000101010?
101111101000100101
In base 5, what is -44 + 2143321?
2143222
In base 9, what is -3 - -728482?
728478
In base 12, what is 32a11 - -5?
32a16
In base 12, what is -13 - 16a1?
-16b4
In base 12, what is -55 - 141?
-196
In base 5, what is 3401123 - -2?
3401130
In base 5, what is -1323 - -244312?
242434
In base 4, what is -1230232 + 0?
-1230232
In base 14, what is 1 + 1928a3?
1928a4
In base 9, what is 18 - -700260?
700278
In base 14, what is 94 + -258d?
-24d9
In base 10, what is 60 + -424?
-364
In base 5, what is -130432 + -40?
-131022
In base 4, what is 213132320 - 0?
213132320
In base 10, what is 8 + 19042?
19050
In base 10, what is -996194 + 2?
-996192
In base 6, what is -1014425 + 10?
-1014415
In base 15, what is 50 - -4e70?
4ec0
In base 6, what is -11102 + -14?
-11120
In base 12, what is -887742 + -2?
-887744
In base 7, what is 0 - 4316163?
-4316163
In base 4, what is 112 + -10221?
-10103
In base 16, what is 5 + 1899?
189e
In base 5, what is -204210 + -10?
-204220
In base 6, what is 5223203 + 14?
5223221
In base 11, what is -a3684 + -11?
-a3695
In base 6, what is 421 + -241?
140
In base 10, what is -12 - -43915?
43903
In base 14, what is -53 - -ad1?
a7c
In base 5, what is 1 - 101012433?
-101012432
In base 3, what is -2001011211022 + 0?
-2001011211022
In base 2, what is 101 + 1010110111110101100?
1010110111110110001
In base 5, what is 2121312 - -44?
2121411
In base 14, what is -c - -5526?
5518
In base 13, what is -3cc + 32?
-39a
In base 11, what is 7 + 38722?
38729
In base 13, what is 6cb + 13?
711
In base 5, what is -10 + -110431?
-110441
In base 2, what is -1001101011110 - 1?
-1001101011111
In base 13, what is -1c8574 + 4?
-1c8570
In base 4, what is -202221 - -1331?
-200230
In base 12, what is -27 + 4a0?
475
In base 4, what is 13 - -2003222?
2003301
In base 8, what is 0 - -226346?
226346
In base 4, what is 100201221 - -1?
100201222
In base 3, what is -12 + 110121222022?
110121222010
In base 6, what is -41 - -2512121?
2512040
In base 10, what is -6291 - -155?
-6136
In base 8, what is 6123 - 17?
6104
In base 12, what is -4 + 84474?
84470
In base 12, what is -20a8 - -275?
-1a33
In base 11, what is 2 - -5914?
5916
In base 14, what is 32db - -13?
3310
In base 12, what is 10b97 - -30?
11007
In base 14, what is -1a - 2753?
-276d
In base 7, what is -2 - -30410?
30405
In base 16, what is 174f - -5?
1754
In base 10, what is 5 + -12301?
-12296
In base 9, what is 22 - -220220?
220242
In base 9, what is 32 - 32535?
-32503
In base 4, what is 20113231 + 1211?
20121102
In base 5, what is -1013011 + 130?
-1012331
In base 14, what is -d + a592?
a583
In base 4, what is 20 - 101303201?
-101303121
In base 2,